d 35.
7
What is the highest common divisor of 16 and 13?
1
What is the highest common factor of 2445 and 30?
15
Calculate the highest common factor of 26 and 1105.
13
What is the highest common factor of 47882 and 89?
89
Calculate the greatest common factor of 21 and 168.
21
Calculate the greatest common divisor of 12 and 5052.
12
What is the greatest common divisor of 28 and 973?
7
What is the greatest common factor of 73 and 73?
73
What is the highest common factor of 282 and 37224?
282
What is the greatest common divisor of 640 and 24?
8
Calculate the greatest common factor of 13 and 208.
13
Calculate the greatest common divisor of 120 and 2184.
24
Calculate the highest common factor of 1566 and 72.
18
Calculate the greatest common factor of 8 and 12632.
8
Calculate the highest common factor of 27 and 96.
3
What is the highest common factor of 60 and 3468?
12
What is the highest common factor of 187 and 1207?
17
Calculate the highest common divisor of 9876 and 24.
12
What is the greatest common factor of 81034 and 62?
62
Calculate the greatest common divisor of 124 and 4.
4
Calculate the greatest common divisor of 160 and 30.
10
Calculate the greatest common divisor of 1422 and 18.
18
What is the greatest common factor of 774 and 18?
18
What is the highest common factor of 18 and 774?
18
What is the highest common divisor of 372 and 240?
12
What is the highest common divisor of 25215 and 15?
15
What is the highest common divisor of 222 and 1961?
37
Calculate the greatest common divisor of 165 and 205.
5
What is the greatest common divisor of 25 and 95?
5
Calculate the highest common divisor of 2964 and 39.
39
What is the greatest common factor of 230 and 55430?
230
What is the highest common factor of 30 and 1090?
10
Calculate the greatest common divisor of 18 and 17058.
6
Calculate the greatest common factor of 72 and 32.
8
Calculate the greatest common divisor of 21 and 95634.
21
What is the greatest common factor of 1869 and 712?
89
Calculate the highest common divisor of 45 and 4545.
45
What is the highest common factor of 96 and 2328?
24
Calculate the highest common divisor of 124 and 465.
31
Calculate the greatest common divisor of 8 and 244.
4
What is the highest common factor of 25120 and 240?
80
Calculate the greatest common factor of 25 and 25.
25
What is the greatest common factor of 5022 and 248?
62
What is the highest common factor of 310 and 1488?
62
Calculate the greatest common divisor of 688 and 43.
43
Calculate the highest common divisor of 24 and 32.
8
What is the greatest common factor of 91 and 1547?
91
What is the highest common factor of 129 and 6837?
129
Calculate the greatest common factor of 832 and 767.
13
Calculate the greatest common factor of 323 and 38.
19
What is the greatest common factor of 176 and 16?
16
Calculate the highest common factor of 54 and 6714.
18
What is the highest common factor of 66 and 6?
6
What is the greatest common factor of 11419 and 76?
19
Calculate the highest common divisor of 4 and 36.
4
Calculate the greatest common factor of 2 and 36.
2
Calculate the highest common factor of 3 and 132.
3
What is the greatest common divisor of 23126 and 186?
62
What is the greatest common factor of 314 and 42?
2
Calculate the highest common divisor of 943 and 23.
23
What is the highest common factor of 429 and 897?
39
What is the highest common divisor of 6773 and 13?
13
What is the greatest common divisor of 266 and 38?
38
Calculate the highest common factor of 255 and 187.
17
Calculate the greatest common divisor of 119 and 425.
17
Calculate the greatest common divisor of 114 and 6.
6
Calculate the highest common divisor of 46 and 184.
46
What is the greatest common divisor of 120 and 3045?
15
What is the greatest common factor of 221 and 299?
13
Calculate the greatest common factor of 36 and 1.
1
What is the highest common factor of 2735 and 5?
5
What is the highest common factor of 264 and 3256?
88
What is the highest common divisor of 37 and 1517?
37
What is the greatest common factor of 21 and 1281?
21
Calculate the highest common divisor of 265 and 45.
5
Calculate the greatest common divisor of 16068 and 234.
78
What is the greatest common factor of 11 and 6479?
11
Calculate the highest common factor of 102 and 234.
6
What is the highest common factor of 1010 and 1313?
101
What is the greatest common divisor of 4 and 11?
1
Calculate the greatest common factor of 875 and 245.
35
What is the highest common divisor of 107 and 24289?
107
What is the highest common factor of 140 and 35?
35
Calculate the highest common factor of 12 and 452.
4
Calculate the highest common factor of 576 and 6.
6
Calculate the greatest common divisor of 16102 and 664.
166
Calculate the greatest common factor of 5992 and 321.
107
Calculate the greatest common factor of 120 and 1416.
24
What is the greatest common factor of 6320 and 240?
80
Calculate the highest common factor of 1161 and 243.
27
Calculate the greatest common divisor of 34218 and 36.
18
Calculate the greatest common factor of 36 and 225.
9
What is the greatest common divisor of 1610 and 140?
70
Calculate the greatest common factor of 84 and 18.
6
Calculate the highest common divisor of 32 and 1440.
32
What is the highest common factor of 96 and 492?
12
Calculate the greatest common divisor of 162 and 606.
6
Calculate the highest common factor of 54 and 18.
18
Calculate the greatest common factor of 129 and 3.
3
What is the highest common factor of 26 and 8?
2
Calculate the greatest common divisor of 270 and 36.
18
What is the highest common divisor of 41 and 9471?
41
Calculate the highest common divisor of 13064 and 142.
142
What is the greatest common factor of 212 and 13621?
53
Calculate the greatest common divisor of 52 and 442.
26
Calculate the highest common factor of 55 and 165.
55
Calculate the greatest common factor of 748 and 1292.
68
What is the greatest common factor of 4056 and 234?
78
Calculate the greatest common divisor of 2 and 389.
1
Calculate the highest common divisor of 904 and 56.
8
Calculate the greatest common divisor of 360 and 2196.
36
Calculate the greatest common factor of 5195 and 5.
5
What is the greatest common factor of 90 and 430?
10
Calculate the highest common divisor of 3519 and 765.
153
Calculate the greatest common factor of 462 and 294.
42
What is the highest common factor of 26880 and 105?
105
Calculate the highest common divisor of 29862 and 378.
378
Calculate the highest common divisor of 1 and 29.
1
What is the highest common factor of 12 and 12?
12
What is the highest common divisor of 53 and 1219?
53
What is the highest common divisor of 53952 and 48?
48
What is the greatest common divisor of 34 and 102?
34
Calculate the greatest common factor of 528 and 627.
33
What is the highest common factor of 148 and 12?
4
Calculate the highest common factor of 2526 and 12.
6
What is the highest common divisor of 5 and 10?
5
What is the greatest common divisor of 180 and 2220?
60
What is the highest common divisor of 96 and 1644?
12
Calculate the greatest common divisor of 6 and 894.
6
What is the highest common divisor of 13239 and 9?
9
What is the greatest common divisor of 42148 and 164?
164
What is the highest common divisor of 655 and 1179?
131
Calculate the greatest common divisor of 1776 and 37.
37
Calculate the greatest common divisor of 544 and 136.
136
Calculate the highest common factor of 535 and 214.
107
What is the greatest common divisor of 240 and 64?
16
What is the highest common divisor of 8 and 12064?
8
What is the greatest common divisor of 71 and 7739?
71
Calculate the highest common divisor of 102 and 153.
51
What is the highest common factor of 385 and 315?
35
Calculate the greatest common factor of 57 and 76.
19
What is the highest common divisor of 9412 and 104?
52
Calculate the highest common factor of 10034 and 58.
58
What is the highest common factor of 145 and 87?
29
What is the greatest common factor of 329 and 49?
7
What is the greatest common factor of 248 and 55676?
124
What is the greatest common divisor of 50 and 850?
50
What is the greatest common factor of 24 and 536?
8
What is the highest common divisor of 6 and 321?
3
Calculate the greatest common divisor of 76 and 6346.
38
Cal